ded by 190?
81
What is the remainder when 1416 is divided by 33?
30
Calculate the remainder when 355 is divided by 61.
50
What is the remainder when 548 is divided by 139?
131
What is the remainder when 1457 is divided by 348?
65
What is the remainder when 105 is divided by 28?
21
What is the remainder when 150 is divided by 19?
17
Calculate the remainder when 116 is divided by 46.
24
What is the remainder when 36 is divided by 26?
10
What is the remainder when 1256 is divided by 611?
34
What is the remainder when 509 is divided by 128?
125
What is the remainder when 307 is divided by 60?
7
Calculate the remainder when 77 is divided by 20.
17
What is the remainder when 2882 is divided by 206?
204
Calculate the remainder when 1212 is divided by 40.
12
What is the remainder when 638 is divided by 81?
71
What is the remainder when 26 is divided by 22?
4
Calculate the remainder when 357 is divided by 8.
5
What is the remainder when 148 is divided by 51?
46
Calculate the remainder when 567 is divided by 41.
34
What is the remainder when 1613 is divided by 416?
365
What is the remainder when 11170 is divided by 76?
74
What is the remainder when 299 is divided by 14?
5
What is the remainder when 211 is divided by 89?
33
What is the remainder when 137 is divided by 29?
21
What is the remainder when 45 is divided by 19?
7
What is the remainder when 1869 is divided by 13?
10
Calculate the remainder when 99 is divided by 6.
3
What is the remainder when 70 is divided by 17?
2
What is the remainder when 272 is divided by 132?
8
Calculate the remainder when 299 is divided by 28.
19
What is the remainder when 76 is divided by 2?
0
What is the remainder when 19533 is divided by 8?
5
What is the remainder when 4122 is divided by 69?
51
What is the remainder when 759 is divided by 154?
143
What is the remainder when 787 is divided by 189?
31
Calculate the remainder when 1076 is divided by 23.
18
What is the remainder when 428 is divided by 86?
84
What is the remainder when 117 is divided by 20?
17
Calculate the remainder when 220 is divided by 14.
10
Calculate the remainder when 75 is divided by 25.
0
What is the remainder when 1029 is divided by 5?
4
Calculate the remainder when 194 is divided by 20.
14
Calculate the remainder when 8096 is divided by 2023.
4
Calculate the remainder when 353 is divided by 51.
47
Calculate the remainder when 716 is divided by 182.
170
What is the remainder when 593 is divided by 84?
5
Calculate the remainder when 2273 is divided by 1130.
13
Calculate the remainder when 186 is divided by 22.
10
Calculate the remainder when 735 is divided by 35.
0
What is the remainder when 583 is divided by 65?
63
Calculate the remainder when 83 is divided by 34.
15
What is the remainder when 486 is divided by 60?
6
What is the remainder when 352 is divided by 118?
116
Calculate the remainder when 113 is divided by 23.
21
Calculate the remainder when 1568 is divided by 79.
67
What is the remainder when 5365 is divided by 2680?
5
Calculate the remainder when 56 is divided by 27.
2
What is the remainder when 428 is divided by 10?
8
Calculate the remainder when 1183 is divided by 66.
61
Calculate the remainder when 6118 is divided by 17.
15
What is the remainder when 252 is divided by 38?
24
What is the remainder when 305 is divided by 41?
18
What is the remainder when 41714 is divided by 135?
134
What is the remainder when 231 is divided by 34?
27
Calculate the remainder when 333 is divided by 118.
97
What is the remainder when 486 is divided by 105?
66
Calculate the remainder when 110 is divided by 38.
34
What is the remainder when 46 is divided by 25?
21
Calculate the remainder when 210 is divided by 54.
48
What is the remainder when 954 is divided by 311?
21
Calculate the remainder when 313 is divided by 95.
28
What is the remainder when 790 is divided by 16?
6
What is the remainder when 66 is divided by 40?
26
What is the remainder when 173 is divided by 15?
8
What is the remainder when 236 is divided by 41?
31
Calculate the remainder when 198 is divided by 52.
42
Calculate the remainder when 5982 is divided by 1495.
2
Calculate the remainder when 1037 is divided by 149.
143
What is the remainder when 85 is divided by 11?
8
Calculate the remainder when 121 is divided by 40.
1
Calculate the remainder when 49 is divided by 41.
8
Calculate the remainder when 6272 is divided by 251.
248
What is the remainder when 9889 is divided by 43?
42
Calculate the remainder when 1809 is divided by 79.
71
What is the remainder when 345 is divided by 47?
16
What is the remainder when 79 is divided by 24?
7
Calculate the remainder when 15 is divided by 1.
0
Calculate the remainder when 4507 is divided by 141.
136
What is the remainder when 305 is divided by 44?
41
What is the remainder when 2664 is divided by 29?
25
What is the remainder when 32 is divided by 24?
8
Calculate the remainder when 481 is divided by 117.
13
What is the remainder when 939 is divided by 53?
38
Calculate the remainder when 429 is divided by 62.
57
Calculate the remainder when 398 is divided by 9.
2
What is the remainder when 62 is divided by 17?
11
What is the remainder when 115 is divided by 81?
34
Calculate the remainder when 17039 is divided by 16.
15
Calculate the remainder when 1658 is divided by 72.
2
Calculate the remainder when 2096 is divided by 343.
38
Calculate the remainder when 251 is divided by 212.
39
What is the remainder when 768 is divided by 14?
12
Calculate the remainder when 22 is divided by 15.
7
What is the remainder when 259 is divided by 29?
27
What is the remainder when 1538 is divided by 55?
53
What is the remainder when 261 is divided by 13?
1
What is the remainder when 766 is divided by 205?
151
Calculate the remainder when 201 is divided by 69.
63
What is the remainder when 137 is divided by 57?
23
What is the remainder when 368 is divided by 127?
114
Calculate the remainder when 375 is divided by 119.
18
What is the remainder when 99 is divided by 27?
18
Calculate the remainder when 580 is divided by 51.
19
Calculate the remainder when 242 is divided by 199.
43
Calculate the remainder when 138 is divided by 56.
26
Calculate the remainder when 928 is divided by 322.
284
Calculate the remainder when 185 is divided by 63.
59
Calculate the remainder when 47 is divided by 6.
5
Calculate the remainder when 898 is divided by 83.
68
Calculate the remainder when 891 is divided by 13.
7
What is the remainder when 210 is divided by 85?
40
Calculate the remainder when 493 is divided by 1.
0
What is the remainder when 783 is divided by 64?
15
What is the remainder when 177 is divided by 41?
13
What is the remainder when 544 is divided by 183?
178
Calculate the remainder when 16556 is divided by 144.
140
What is the remainder when 1152 is divided by 34?
30
What is the remainder when 1216 is divided by 305?
301
Calculate the remainder when 848 is divided by 28.
8
Calculate the remainder when 52 is divided by 27.
25
Calculate the remainder when 47 is divided by 22.
3
Calculate the remainder when 15094 is divided by 37.
35
Calculate the remainder when 13887 is divided by 23.
18
Calculate the remainder when 383 is divided by 93.
11
What is the remainder when 1146 is divided by 229?
1
What is the remainder when 318 is divided by 29?
28
Calculate the remainder when 4538 is divided by 239.
236
What is the remainder when 305 is divided by 97?
14
What is the remainder when 4058 is divided by 131?
128
What is the remainder when 262 is divided by 30?
22
Calculate the remainder when 7512 is divided by 221.
219
Calculate the remainder when 301 is divided by 33.
4
Calculate the remainder when 651 is divided by 210.
21
What is the remainder when 132 is divided by 17?
13
Calculate the remainder when 361 is divided by 119.
4
What is the remainder when 31 is divided by 29?
2
What is the remainder when 1581 is divided by 72?
69
What is the remainder when 2301 is divided by 36?
33
What is the remainder when 82214 is divided by 35?
34
Calculate the remainder when 54 is divided by 25.
4
What is the remainder when 374 is divided by 65?
49
What is the remainder when 5825 is divided by 62?
59
What is the remainder when 1447 is divided by 21?
19
Calculate the remainder when 106 is divided by